or of i and u.
13
Let c(n) be the first derivative of -3*n**3 + n**2/2 + 4*n - 13. Let t be c(2). Let k be (9/t*-4 + 3)*5. Calculate the greatest common factor of k and 3.
3
Let p be (-1)/(2 + 292/(-144)). Let f = 380 + -218. Calculate the highest common divisor of p and f.
18
Let t(w) = 4*w - 4. Let a be t(-7). Let q be 16*(-4)/a*4. Let m be 764/12 + q/(-12). Calculate the greatest common factor of 21 and m.
21
Let a(x) = x + 154. Suppose -2*i + 0 = -2. Let b be 3/6*i*0. Let m be a(b). Calculate the highest common factor of 14 and m.
14
Suppose -13 = y - 17. Let s be (y - -36)*3/5. Let z be (306/s)/((-9)/(-48)). What is the highest common factor of z and 4?
4
Suppose -6 + 3 = 3*y. Let x be (-4 - -3 - 31)/y. Let r(g) = -9*g**3 - g**2 + 2*g + 2. Let f be r(-1). What is the greatest common divisor of x and f?
8
Let h = -7502 + 7694. Calculate the greatest common factor of 1392 and h.
48
Suppose 17*q + 9 = 94. What is the highest common divisor of q and 265?
5
Let z = -174 - -101. Let u = -67 + z. Let k = 145 + u. Calculate the highest common divisor of 5 and k.
5
Let q be ((-3)/2)/((-69)/92). Let p = -35 - -47. Suppose 3*v + 3*v - p = 0. Calculate the highest common factor of v and q.
2
Let o = -870 - -1041. Calculate the greatest common factor of 7353 and o.
171
Let a be (4 - 4)*(-14)/28. Suppose -4*z = 4*o - 1820, a = 5*z - 32 + 7. Calculate the greatest common divisor of 60 and o.
30
Let c(n) = 60*n + 4. Let m be c(5). Suppose 4*b + 2201*l - 2202*l = 74, -l + 21 = b. Calculate the highest common factor of m and b.
19
Let d(k) = -2*k + 3. Let p be d(-5). Suppose 10*n - p - 7 = 0. Suppose -4*b = -2*s, n*b = -4*s + 15 + 15. Calculate the greatest common divisor of 78 and s.
6
Let o = -7453 + 7564. What is the highest common factor of 49173 and o?
111
Let y be 1180/(-8)*(-5)/50*4. What is the highest common divisor of y and 2891?
59
Suppose 0 = -z + o - 33, -z - 17 - 26 = 4*o. Let v be ((-488)/427)/(2/z). Calculate the highest common divisor of v and 200.
20
Let t = -43 + 78. Suppose 0 = t*u - 34*u - 6. Let o(s) = s**3 - 6*s**2 - 6*s + 40. Let a be o(u). What is the highest common divisor of 4 and a?
4
Let r = -5919 + 6431. Calculate the greatest common divisor of 104 and r.
8
Let k = -10062 + 10426. What is the greatest common factor of k and 4108?
52
Let d be (-32 + 1)*5/(-5). Suppose -2*r + 19 = -d. Suppose 400 = -20*j + r*j. What is the greatest common divisor of 16 and j?
16
Let k be (-1)/(-7)*-4 + (-267000)/(-623). Let v = -410 + k. What is the greatest common factor of v and 144?
18
Let c be 2*(6/(-9) + 17/3). Let m(z) = 6 - c - 2*z - 2. Let x be m(-12). Calculate the greatest common divisor of 198 and x.
18
Let y = 71 - 83. Let n be -217*-4*y/(-112). Calculate the highest common factor of 372 and n.
93
Suppose -2*q + 69 + 35 = 0. Suppose -46*s - 102 = -q*s. What is the greatest common factor of s and 34?
17
Let b(c) = -499*c - 16. Let s be b(-6). Let n be s/2 - (5 + -2). Let d be 57/(-95) + n/10. What is the greatest common divisor of 37 and d?
37
Let b = 1642 - 898. Suppose -f + 374 = d, -2*d = -f + 4*f - b. Calculate the greatest common factor of 14 and d.
14
Let w(n) = n**3 - 11*n**2 + 13*n - 28. Let k be w(10). Calculate the highest common divisor of k and 950.
2
Let p(g) = 177*g + 8. Let m = -98 + 101. Let c be p(m). Calculate the greatest common divisor of c and 11.
11
Suppose -3*z + 82 = -z. Suppose 1188*k - 986*k - 190486 = 0. Calculate the highest common factor of k and z.
41
Suppose 33*a - 28*a - 80 = 0. Suppose -675 = u - a*u. Calculate the highest common divisor of u and 495.
45
Let a be (106344/672)/(3/44). What is the highest common factor of 11 and a?
11
Suppose 0 = -48*a - 4*a + 34578 + 75922. Calculate the highest common divisor of a and 1125.
125
Let j = -5582 - -6230. What is the greatest common divisor of 936 and j?
72
Suppose -3*z + 5 = 107. Let b = -32 - z. Suppose 368 = 3*q - q + b*l, 970 = 5*q - 5*l. Calculate the highest common divisor of q and 21.
21
Suppose l + 612 = 2*r + 1229, 2*l = 3*r + 1227. What is the greatest common divisor of l and 45?
9
Let n(w) = 22*w**2 + 5*w - 2*w - 6*w - 5*w**3 - 2 - 24*w**2. Let t be n(-1). Calculate the highest common factor of t and 16.
4
Let j be -2 + 1/(1/41). Let k = -1369 - -1975. Suppose -609*d + 156 = -k*d. Calculate the greatest common divisor of j and d.
13
Let h = 22 + 58. Let d(z) = -z**2 + 7*z - 2. Let i be d(5). Let w be i/(-6)*(-9 + -3). Calculate the greatest common factor of h and w.
16
Suppose l - 203 + 23 = 0. Suppose 3*u + 27 = l. What is the highest common divisor of 34 and u?
17
Let n be (-21 - -1)/(((-328)/48)/41). Calculate the highest common divisor of n and 220.
20
Let b(n) = -26*n + 29. Let p be -1 - 0 - 1/(-2)*-14. Let f be b(p). Let t = -137 + f. What is the greatest common factor of t and 25?
25
Let d be (24*210/112)/(9/24). Suppose -3*s = -160 - 110. Calculate the greatest common factor of s and d.
30
Suppose 0 = 161*h + 24*h - 3787 - 13973. Calculate the greatest common factor of 5728 and h.
32
Let i(j) = j**3 + 5*j**2 - 7*j + 72. Let k be i(-7). Calculate the highest common factor of k and 3496.
23
Let a be (-36)/20*(-1440)/27. Let h be 1/(1 + (-1)/(-6)*-4). Calculate the highest common factor of h and a.
3
Suppose -10*d + 133 = -137. Calculate the highest common divisor of 3024 and d.
27
Suppose -183 = -3*a + 3*z, -51 = -a - 3*z + 30. Let y = 2479 + -2401. Calculate the greatest common factor of y and a.
6
Let i = 190 - 188. Suppose -2*b + 314 = i*r, -5*b - 77 = -r + 56. Calculate the highest common divisor of 34 and r.
17
Let g be ((-66)/12 + 4)*2 + 533. Let v = 145 + g. Calculate the highest common divisor of v and 27.
27
Suppose 12*o - a - 1771 = 8*o, -4*o + 1753 = 5*a. Let b(u) = -2*u**3 - 2*u**2 + 4*u + 2. Let w be b(-3). What is the greatest common factor of w and o?
26
Let s be 283/4 + (-69)/(-276). Calculate the greatest common factor of s and 71.
71
Let i = 14614 - 14613. Let n be (-8)/12 + 87/9. What is the highest common divisor of n and i?
1
Suppose 23*p = 2*d + 26*p - 87, 0 = d + 3*p - 51. Calculate the highest common divisor of d and 1584.
36
Let o = 194 + -277. Let f = o - -87. Calculate the greatest common factor of 2 and f.
2
Let i(l) = -l**2 - 77*l - 1404. Let h be i(-46). Let x(s) = -17*s**2 - s. Let v be x(2). Let k = v + 125. What is the highest common divisor of k and h?
11
Let j be (2/6)/(8/12600*3). Let g = -152 + j. Calculate the greatest common divisor of 92 and g.
23
Let o be -45*(2 + -2 + -1). Let t be (2/8)/(5/700*7). Calculate the highest common divisor of o and t.
5
Suppose 779 = 3*o + g - 191, -2 = g. Calculate the greatest common factor of 1377 and o.
81
Let n(r) = 101*r - 6. Let b be n(1). Suppose 2*m + 148 = -3*s + 143, 4*s = m - 25. Calculate the greatest common divisor of b and m.
5
Suppose 3*j + 5*j - 16 = 0. Suppose -l - i = -90, 2*l = -i - j*i + 183. What is the highest common factor of 58 and l?
29
Let a be (-44)/(-3)*(-2100)/(-280). Calculate the highest common divisor of a and 370.
10
Let c(y) = -y**2 - 8*y - 7. Let z be c(-6). Let r(b) = z*b - 21 - 3*b + 39 - 14. Let d be r(12). Calculate the greatest common divisor of 14 and d.
14
Let w(x) = 48*x - 46. Let r be w(6). Let l = 246 - r. What is the greatest common factor of l and 1?
1
Suppose 2904 = 23*m + 1018. Calculate the highest common divisor of 5986 and m.
82
Let v(a) = 9*a**2 - 8*a - 45. Let o be v(-3). Suppose 93*x - 96*x = -o. Calculate the greatest common factor of x and 50.
10
Suppose -40*l = -22*l - 2754. Suppose -12*x + 3*x = -l. What is the highest common factor of x and 136?
17
Suppose -2315 - 890 - 1309 = -61*i. What is the highest common divisor of i and 814?
74
Let z(g) = 21 - 16 + 5*g + 16. Let j = 15 - 8. Let s be z(j). Calculate the highest common divisor of 16 and s.
8
Let d be 341 + -33 - (1 + -18). Calculate the greatest common factor of d and 312.
13
Suppose 6*g - 1087 - 2741 = 0. Suppose 0*b - 2*b - i = -1276, -b - i = -g. What is the highest common factor of b and 22?
22
Suppose 4*p - t + 3*t = 70, -2*p + 5*t = -17. Let r = 1698 - 1514. What is the highest common factor of r and p?
8
Let r(o) = o + 44. Let q be r(-13). Suppose -4*x = -q*x + 432. Calculate the highest common factor of 88 and x.
8
Suppose -25109 = -91*w + 327